or of t and 8170?
10
Suppose 187*b - 185*b - 68 = -u, 5*b = -3*u + 168. Calculate the highest common factor of b and 1476.
36
Let d(g) = 2*g**2 + 9*g - 25. Let q be d(-7). Suppose q*v = -9*v + 13585. Calculate the highest common divisor of v and 65.
65
Suppose -206*o = -217*o + 286. Let l be 26/(38/(-14) - -3). What is the highest common divisor of o and l?
13
Let z(t) = t**3 + 20*t**2 + t - 1. Let s be z(-11). Let n = s - 329. Calculate the greatest common divisor of n and 44.
44
Let p(o) = -o**3 - 14*o**2 - 4*o - 18. Let d be p(-15). Suppose 8*v = 11*v - d. What is the highest common divisor of v and 445?
89
Suppose 2*h - 108 = -14*a + 15*a, 5*a = -5*h + 285. Suppose -5*i - 3*x = -160, -6*i = -4*i + 3*x - h. Calculate the greatest common divisor of 315 and i.
35
Let d be (-8)/18 + 118703/207 + 18. What is the greatest common divisor of 1 and d?
1
Suppose 18480 = -92*n + 169*n. What is the highest common divisor of 510 and n?
30
Let t be (-1)/3 - (-515)/15. Suppose -2*c - 56*v + 60*v + 624 = 0, -1515 = -5*c - 5*v. Calculate the greatest common divisor of c and t.
34
Let a be (-54885)/(-40) + ((-195)/(-40) - 5). Calculate the greatest common divisor of 294 and a.
98
Let l(s) = 6285*s**2 + 41*s + 47. Let c be l(-1). What is the highest common factor of 466 and c?
233
Let g be 2/(-6) - (-157)/3. Suppose 5*k = 4*x + 581 + 987, -2*x + 308 = k. Calculate the highest common divisor of g and k.
52
Suppose 47*v - 51*v - 81*v = -13260. Suppose -2*z + r + 20 = 0, -r = -4*z - 6*r + 68. What is the highest common factor of v and z?
12
Suppose -4*y = 13*o - 3208, -5*o + 712 = -y - 565. Suppose 3*u - 131 = -5*m, 5*u + 9 = 2*u. What is the highest common factor of o and m?
28
Suppose -4 = -2*h + h. Suppose -h*q + 1120 = q. Let n be (24/(-56))/3 + -4 + 421/7. What is the greatest common factor of q and n?
56
Let f(w) = 13*w**2 + 3*w + 3. Let p be f(-2). Suppose -204*m = -254*m + 1750. Let o = m + p. Calculate the highest common divisor of o and 12.
12
Let w be 105/(-2)*5320/(-980). Calculate the highest common divisor of w and 165.
15
Let p(b) = -7 - 8 + 36 + 2*b - 16 + b**2. Let m be p(-1). Calculate the highest common divisor of m and 92.
4
Let x = -20307 + 20507. What is the highest common divisor of x and 350?
50
Let j(q) = 140*q - 155. Let m be j(4). What is the greatest common divisor of m and 3888?
81
Suppose -3*t - 11*z = -13*z - 11, 0 = -t - z + 2. Suppose t*b = -3*i + 345, -6*b + 2*b = 5*i - 455. Calculate the highest common divisor of b and 30.
30
Let r = -121 - -63. Let b = -40 - r. Let s = 38 - b. What is the highest common factor of 10 and s?
10
Suppose 2*y = -0*y + 72. Let w = -1760 - -1763. Suppose y = 3*s + 3*p, w*p = -s - 3*s + 47. What is the highest common divisor of 1 and s?
1
Let d = 11298 + -5330. What is the highest common factor of d and 32?
16
Suppose 2*j - 48 = -2*w, w = j + 4*j - 96. Suppose -8*b - j = -12*b. Suppose 21 = 2*i + 1. What is the highest common divisor of b and i?
5
Let m(i) = 4*i - 1. Let x be m(4). Suppose x*r = 21*r + 12. Let s be 5 + r + 178 + 8. What is the greatest common factor of s and 21?
21
Let x be 2/(-4) + 17055/30. Let z = 960 + -952. What is the highest common divisor of x and z?
8
Suppose -40*b = -44*b + 104. Suppose -22 = 2*z + b. Let q = -4 - z. What is the highest common factor of q and 10?
10
Let p be 2*(10/4)/(-31 + 26). Let u be p/7 + ((-6564)/(-84) - -2). Let f(m) = -3*m + 4. Let b be f(-4). What is the greatest common divisor of u and b?
16
Let g(o) = o - 8. Let y be g(10). Suppose -y*s + 28 = 2*d, 18 = -d - 3*s + 42. Calculate the greatest common factor of 27 and d.
9
Let t = 311 - 692. Let o = t - -731. What is the highest common factor of 14 and o?
14
Let w be ((-330)/(-21))/(155*17/7378). Let h = 185 + -75. What is the highest common factor of w and h?
22
Let f be ((-1)/(-2))/(2/(-4)). Let l be 90/8 + f/4. Let n(y) = -19*y**2 + 319*y - 1048. Let j be n(12). What is the greatest common factor of j and l?
11
Let p(u) be the first derivative of 5*u**2/2 - 59. Let q be p(2). What is the greatest common factor of q and 190?
10
Let a be ((-228)/(-9) - 0)*3/1. Let b(n) = 5*n**2 - 26*n + 223. Let p be b(6). Calculate the highest common factor of p and a.
19
Suppose 25*l = -375 + 492 + 1483. Calculate the greatest common factor of 512 and l.
64
Let p be -10*(6 - 2)/(-8). Let g = p + 8. Let y be (-24)/(-12) - 1*-141. What is the highest common factor of g and y?
13
Suppose -b + 915 = 5*x, 2*x + 190*b - 193*b - 383 = 0. What is the greatest common divisor of 667 and x?
23
Let d be (1 - -743)/((-6)/(-88)*11). What is the greatest common factor of d and 1116?
124
Let r be 4/(-2 - 24/(-9)). Suppose h + 2*d + 209 = r*h, 0 = 3*h - 2*d - 123. Suppose 7*o = 38 + 1467. Calculate the greatest common divisor of o and h.
43
Suppose y - 4*a - 268 = 0, 0 = 4*y + 2654*a - 2650*a - 1052. Calculate the greatest common factor of y and 17688.
264
Let p be 1*((-160)/(-6) - (-8)/(-12)). Suppose -1599 = -33*h + 3978. What is the greatest common factor of h and p?
13
Suppose 2*r + 16*x - 19*x = 912, -6*r + 2776 = x. Calculate the highest common factor of 198 and r.
66
Let v be ((-22)/(-4) - 1)/(24*(-8)/(-36352)). Calculate the highest common divisor of v and 3124.
284
Suppose -4*c + 5*p + 92 = 0, 4*c - 44 = 3*c - 4*p. Suppose 0 = 17*t - 10*t - 98. Calculate the highest common factor of c and t.
14
Let z = 3254 - 5052. Let u be (z/(-145))/((-2)/(-55)). What is the greatest common divisor of 11 and u?
11
Let x = -203 + 205. Let r be (1/x)/((-4)/(-360)). What is the highest common factor of r and 30?
15
Let g be (-55)/(-44)*(-1)/(1/(-724)). Let y be (-4)/16 - (g/(-4))/5. Suppose 0 = -7*h - y + 241. Calculate the highest common factor of 7 and h.
7
Let w = 19 - 18. Suppose -177 = 4*m + 3*t, t = 2*m + 36 + 45. Let h = m + 44. Calculate the greatest common divisor of h and w.
1
Let d(i) = 2*i**2 + 3*i - 4. Let r be d(4). Suppose -168 = -45*s - 123. Let n = r - s. Calculate the greatest common divisor of 26 and n.
13
Suppose -2*v + 24 + 0 = 5*i, -v + 13 = 3*i. Suppose -10 = -v*n + 25. Calculate the greatest common divisor of n and 135.
5
Let t = -363 - -461. What is the highest common factor of t and 1022?
14
Let y be 2*1/(-7) + (-4675)/(-119). Let m = -13 + y. What is the greatest common divisor of m and 91?
13
Let a = -4658 - -4763. Calculate the greatest common divisor of 3535 and a.
35
Let b be (-1)/(-3)*-3*0. Suppose b = 6*s + 48 + 42. Let u be (-6)/s - 312/(-20). What is the highest common divisor of u and 24?
8
Suppose -347*v = -345*v + 4. Let s be v/(((-56)/119)/4). What is the greatest common factor of s and 578?
17
Suppose 6*w - d + 2 = 3*w, 8 = 2*w + 4*d. Suppose -2*v - 3*o - 38 = -223, v - 4*o - 87 = w. What is the highest common factor of v and 14?
7
Let i(g) = -g**2 - 16*g + 39. Let n be i(-15). Let c be (n/36)/(3/20). What is the greatest common factor of 20 and c?
10
Suppose -45*i + 48857 + 82138 = 0. Calculate the greatest common divisor of 355 and i.
71
Suppose 30*f + 10 = 32*f. Let g be 44/20 + (-1)/f. Suppose -5 + 11 = g*a. Calculate the highest common factor of 6 and a.
3
Suppose -4*o - 4*s = -3*o + 2, 5*o - 80 = -2*s. Let m(n) = n**3 - 18*n**2 + 7*n + 21. Let b be m(o). Calculate the greatest common divisor of b and 49.
49
Let n = 92 - 50. Suppose 11*x = 9*x + n. Suppose -x = -5*c + 179. Calculate the highest common factor of 60 and c.
20
Suppose -5*z - 5*d + 10 = 0, 3*z + 5 = 2*d + 11. Suppose -s - 6*g = -z*g - 204, -g = s - 207. What is the greatest common divisor of 13 and s?
13
Let r be 2 + 1*(3 + 0). Let s(h) = 16*h - 19. Let n(i) = 16*i - 17. Let k(q) = 6*n(q) - 5*s(q). Let d be k(2). Calculate the highest common factor of r and d.
5
Let n be ((-54)/(-36))/(3/(-536)). Let w = n - -352. What is the highest common divisor of 28 and w?
28
Suppose 5*r = 2*r + 105. Suppose 5*i = -2*i - r. Let j = i - -25. Calculate the highest common factor of j and 80.
20
Let q = 221 + -1. Let m = -51 - -71. Calculate the greatest common factor of m and q.
20
Let q(f) = 40*f - 864. Let t be q(52). What is the highest common factor of 76 and t?
76
Suppose 8*s = 7*s - 10. Let a = s + 2. Let k be (-4 - a)/(2/28). What is the highest common divisor of k and 8?
8
Let l be ((-81)/(-18))/(1/(-4)). Let h be (9/(-6))/((l/(-4))/(